ainder when 1325 is divided by 331.
1
Calculate the remainder when 29603 is divided by 338.
197
Calculate the remainder when 898924 is divided by 42.
40
What is the remainder when 1446 is divided by 701?
44
What is the remainder when 6558 is divided by 193?
189
What is the remainder when 12597 is divided by 524?
21
Calculate the remainder when 34719 is divided by 560.
559
Calculate the remainder when 35362 is divided by 973.
334
Calculate the remainder when 1660 is divided by 60.
40
What is the remainder when 103933 is divided by 577?
73
What is the remainder when 2790 is divided by 46?
30
Calculate the remainder when 18368 is divided by 839.
749
What is the remainder when 7379 is divided by 311?
226
What is the remainder when 15141 is divided by 150?
141
What is the remainder when 8505 is divided by 43?
34
Calculate the remainder when 1415 is divided by 12.
11
What is the remainder when 24027 is divided by 1201?
7
What is the remainder when 82906 is divided by 953?
948
What is the remainder when 105374 is divided by 178?
176
Calculate the remainder when 41907 is divided by 5927.
418
Calculate the remainder when 4910822 is divided by 185.
182
What is the remainder when 79335 is divided by 114?
105
What is the remainder when 1828 is divided by 207?
172
What is the remainder when 21236 is divided by 506?
490
Calculate the remainder when 21557 is divided by 20.
17
What is the remainder when 32006 is divided by 330?
326
What is the remainder when 18755 is divided by 647?
639
What is the remainder when 36657 is divided by 5236?
5
Calculate the remainder when 2079 is divided by 682.
33
Calculate the remainder when 12514 is divided by 313.
307
Calculate the remainder when 6995 is divided by 629.
76
Calculate the remainder when 949992 is divided by 227.
224
What is the remainder when 5927 is divided by 1456?
103
Calculate the remainder when 1997 is divided by 435.
257
Calculate the remainder when 7624 is divided by 952.
8
Calculate the remainder when 85823 is divided by 8.
7
Calculate the remainder when 3937 is divided by 490.
17
Calculate the remainder when 1764574 is divided by 557.
555
What is the remainder when 8104 is divided by 4017?
70
Calculate the remainder when 278968 is divided by 64.
56
Calculate the remainder when 12010 is divided by 39.
37
What is the remainder when 39373 is divided by 199?
170
What is the remainder when 21439 is divided by 68?
19
Calculate the remainder when 43811 is divided by 353.
39
What is the remainder when 652276 is divided by 267?
262
What is the remainder when 30600 is divided by 2040?
0
What is the remainder when 573 is divided by 556?
17
What is the remainder when 27465 is divided by 1186?
187
Calculate the remainder when 83376 is divided by 13876.
120
Calculate the remainder when 26392 is divided by 5.
2
What is the remainder when 12417 is divided by 519?
480
Calculate the remainder when 3476 is divided by 601.
471
Calculate the remainder when 575406 is divided by 324.
306
Calculate the remainder when 2293 is divided by 1138.
17
Calculate the remainder when 735061 is divided by 243.
229
What is the remainder when 312033 is divided by 17?
15
Calculate the remainder when 827 is divided by 205.
7
What is the remainder when 14344 is divided by 55?
44
Calculate the remainder when 8797 is divided by 110.
107
What is the remainder when 57962 is divided by 68?
26
Calculate the remainder when 108499 is divided by 705.
634
Calculate the remainder when 68063 is divided by 183.
170
What is the remainder when 110552 is divided by 115?
37
What is the remainder when 1464874 is divided by 14?
12
Calculate the remainder when 1369374 is divided by 273870.
24
Calculate the remainder when 15317 is divided by 12.
5
What is the remainder when 899 is divided by 216?
35
What is the remainder when 2600 is divided by 75?
50
Calculate the remainder when 1585 is divided by 282.
175
Calculate the remainder when 280340 is divided by 78.
8
What is the remainder when 20726 is divided by 503?
103
What is the remainder when 165739 is divided by 23677?
0
What is the remainder when 2431 is divided by 993?
445
What is the remainder when 849109 is divided by 410?
409
Calculate the remainder when 18881 is divided by 18.
17
Calculate the remainder when 357 is divided by 131.
95
Calculate the remainder when 9154 is divided by 578.
484
What is the remainder when 24497 is divided by 45?
17
Calculate the remainder when 291802 is divided by 267.
238
What is the remainder when 130024 is divided by 162?
100
Calculate the remainder when 43115 is divided by 707.
695
Calculate the remainder when 355766 is divided by 30.
26
Calculate the remainder when 63855 is divided by 379.
183
What is the remainder when 1527 is divided by 256?
247
What is the remainder when 23991 is divided by 43?
40
Calculate the remainder when 2335 is divided by 1306.
1029
Calculate the remainder when 2412 is divided by 389.
78
What is the remainder when 1375 is divided by 1102?
273
What is the remainder when 1300830 is divided by 172?
166
What is the remainder when 177738 is divided by 251?
30
Calculate the remainder when 20887 is divided by 321.
22
What is the remainder when 1001 is divided by 299?
104
What is the remainder when 490 is divided by 36?
22
What is the remainder when 629620 is divided by 342?
340
What is the remainder when 2015 is divided by 201?
5
What is the remainder when 1318 is divided by 259?
23
What is the remainder when 71760 is divided by 1495?
0
What is the remainder when 2706 is divided by 884?
54
Calculate the remainder when 39289 is divided by 222.
217
Calculate the remainder when 167126 is divided by 2089.
6
What is the remainder when 1500068 is divided by 10?
8
What is the remainder when 5592 is divided by 70?
62
What is the remainder when 13920 is divided by 13?
10
What is the remainder when 5089 is divided by 822?
157
What is the remainder when 326585 is divided by 672?
665
Calculate the remainder when 13807 is divided by 3134.
1271
What is the remainder when 6857 is divided by 309?
59
Calculate the remainder when 142939 is divided by 87.
85
Calculate the remainder when 3189 is divided by 1594.
1
Calculate the remainder when 64186 is divided by 18.
16
Calculate the remainder when 3296 is divided by 1955.
1341
Calculate the remainder when 390148 is divided by 170.
168
What is the remainder when 4254 is divided by 60?
54
What is the remainder when 937 is divided by 500?
437
Calculate the remainder when 16077 is divided by 536.
533
Calculate the remainder when 253059 is divided by 594.
15
Calculate the remainder when 4555 is divided by 2256.
43
What is the remainder when 1072396 is divided by 25?
21
Calculate the remainder when 5998 is divided by 866.
802
What is the remainder when 48237 is divided by 120?
117
What is the remainder when 115929 is divided by 1195?
14
What is the remainder when 175322 is divided by 25?
22
Calculate the remainder when 5157 is divided by 1381.
1014
Calculate the remainder when 20847 is divided by 1305.
1272
Calculate the remainder when 17448 is divided by 32.
8
Calculate the remainder when 2765 is divided by 869.
158
What is the remainder when 4566 is divided by 1515?
21
What is the remainder when 6973085 is divided by 1509?
1505
What is the remainder when 46482 is divided by 21?
9
Calculate the remainder when 2145896 is divided by 41.
38
What is the remainder when 3496 is divided by 215?
56
What is the remainder when 78628 is divided by 329?
326
Calculate the remainder when 52668 is divided by 17.
2
Calculate the remainder when 241848 is divided by 76.
16
What is the remainder when 1301 is divided by 54?
5
Calculate the remainder when 45602 is divided by 1573.
1558
Calculate the remainder when 76532 is divided by 356.
348
Calculate the remainder when 9847 is divided by 66.
13
Calculate the remainder when 5673 is divided by 2823.
27
What is the remainder when 43129 is divided by 423?
406
Calculate the remainder when 87339 is divided by 20.
19
What is the remainder when 372511 is divided by 19?
16
Calculate the remainder when 1766 is divided by 485.
311
Calculate the remainder when 1851 is divided by 42.
3
Calculate the remainder when 55990 is divided by 18656.
22
What is the remainder when 10803 is divided by 124?
15
What i